(t).
-19
Let y(k) = -3*k - 1. Let x(g) = -3*g + 1. Let q be x(1). Let d be y(q). Suppose p - d*p - 12 = 0. Let f(r) = r - 4. Give f(p).
-7
Let h(d) = -2*d**3 + 15 + 1 + 5*d**3 - 4*d**3. Calculate h(0).
16
Let j(n) = n**3 + 2*n**2 - 5*n - 5. Let g(z) = -z**2 + 1. Let d(r) = -g(r) - j(r). What is d(-3)?
7
Let l = 8 - 6. Suppose -l*c = -4*z + 12 + 10, -c = -5*z + 20. Suppose -4*n - w + 12 = 0, 4*n - z*w + 1 = 13. Let a(f) = 2*f**2 - 5*f + 4. What is a(n)?
7
Suppose r - 3*o = 8, 0 = 4*r - 5*o - 25. Let v(x) = 3*x**2 - 6*x - 2. Let k(u) = u**2. Let t(q) = -2*k(q) + v(q). Give t(r).
-7
Let y(g) be the first derivative of -g**3/3 - g**2 + 5*g + 5. Let a be (-5)/(-2)*18/15. Suppose -d - a*d = 16. What is y(d)?
-3
Suppose 0 = 2*d + 3*k + 2*k + 27, -2*d = -4*k - 18. Let a = 0 - 0. Let p(v) = 8*v**3 + v - 2*v**2 + a*v**2 + 4*v**2. Give p(d).
-7
Let a(b) = b**3 - b - 2. Let c be a(2). Let n(s) = -2*s - s - 3 + 5*s. Calculate n(c).
5
Let i(x) = -x**3 + 8*x**2 - 6*x - 9. Let u be (0 + 3)/(2 - 33/21). What is i(u)?
-2
Let o(h) = -3*h + 3. Let a = 185 + -95. Let r be (-342)/a - 1/5. Determine o(r).
15
Suppose 4*b = 2*b - 6. Let i(w) be the third derivative of 1/3*w**3 + 0 + 1/12*w**4 - 2*w**2 + 1/15*w**5 + 0*w + 1/120*w**6. Determine i(b).
5
Suppose 3*v = -v - 3*z + 5, 1 = -z. Let d(w) be the third derivative of 2*w**v + 7/6*w**3 + 0 + 5/24*w**4 + 1/120*w**6 + 0*w - 1/10*w**5. Calculate d(5).
7
Let r(v) = -4 + v - 5 + 2 - 6. Let b be r(8). Let a(x) = x + 1. Let s(h) = -2*h - 1. Let t(l) = b*s(l) - 8*a(l). Determine t(3).
3
Let a(o) = -o**2 + o + 4. Let x be a(0). Let q(z) = 3 + z**3 + 0*z**3 - 6*z - 2*z**3 + 5*z**2. Calculate q(x).
-5
Let p(l) = -l**3 - 4. Let j = 13 + -13. Determine p(j).
-4
Let w(n) be the first derivative of 0*n + 1/3*n**3 - 5/2*n**2 + 6. Give w(4).
-4
Let o(j) = -4*j**3 - j**2 + 1. Let n be o(1). Let y(u) = -u + 2. Give y(n).
6
Let z(y) be the second derivative of -y**4/3 + y**3/6 + 4*y. What is z(2)?
-14
Let c(o) = o**3 + 5*o**2 - 6*o + 6. Suppose 2*r = 2*b - 56, 0 = -0*b + 3*b + r - 68. Let y = 1 + 1. Suppose -5*w = 3*g + 42, 8 + b = -4*w - y*g. Give c(w).
6
Let u(s) be the third derivative of 0 - 1/6*s**4 + 1/60*s**5 + s**2 - 1/6*s**3 + 0*s. Let i(y) be the first derivative of u(y). Calculate i(3).
2
Let l(q) = -5*q**2 - 9*q + q**3 - 6 + 7 + 7 - q**2. What is l(7)?
-6
Let t(x) = -x**2 - 4*x - 2. Let q be t(-3). Let j be q/((-6)/4 - -2). Suppose -c = j - 0. Let k(y) = -2*y + 2. Give k(c).
6
Let t(r) = 15*r - 33. Let k(w) = -w + 2. Let a(j) = 33*k(j) + 2*t(j). Let b be a(1). Let h(s) = 0*s**2 + 2*s**2 - 6*s**2 - s**3 - 2. Give h(b).
-11
Let r(f) = 7*f + 5. Let l(c) = 8*c + 6. Let h(k) = -2*l(k) + 3*r(k). Let g(u) = u. Let x(v) = -6*g(v) + h(v). What is x(3)?
0
Let t(g) be the first derivative of -3*g**2/2 - 3. Calculate t(2).
-6
Let k = -2 - 0. Let z be 14/4 - (-3)/k. Suppose 0 = z*o + o + 6. Let g(d) = 3*d - 1. Calculate g(o).
-7
Let s be 0/(2/(-3 - -2)). Let n(i) = 4*i**2 - 4*i. Let b(z) = 3*z**2 - 3*z. Let o(u) = -3*b(u) + 2*n(u). Give o(s).
0
Let s(t) = -t**3 - 2*t**2 + t - 3. Let l be (32/48)/((-2)/9). Determine s(l).
3
Let g(b) be the third derivative of b**4/12 - 4*b**3/3 - 7*b**2. Determine g(6).
4
Suppose d - v + 1 = 0, -d - 6 = 2*d - 4*v. Let g(c) = 3 + 3*c**d - 2*c + 4*c + 4*c**3 - 5*c**3 - 6*c**2. Give g(-2).
-5
Let m(a) = -7*a - 5*a + 13*a + 3. Suppose -2*d = 2*d - 3*z + 12, 3*d = 5*z - 9. Give m(d).
0
Let m(v) be the first derivative of -13*v**2/2 - 3*v + 5. Let y(u) = 7*u + 2. Let r(h) = -6*m(h) - 11*y(h). What is r(4)?
0
Let n(x) = -3*x + 11. Let h(r) = r - 4. Let k(m) = -11*h(m) - 4*n(m). Let b be 3 - -4*5/2. Suppose -2*s - 1 = -l, 0 = -3*s + 2*s - 2*l - b. Give k(s).
-3
Let u(x) = -44*x**2 - 1 + 80*x**2 - 35*x**2 + x. Give u(-2).
1
Let c(q) be the first derivative of -q**4/4 - 2*q**3/3 + q**2 - q + 22. Calculate c(-2).
-5
Suppose 2*n = a + 12, -3*a + 3*n - 22 + 1 = 0. Let w(d) = d + 2. Determine w(a).
0
Let i be 2/(-4)*6 - -1. Let t = i - -8. Let k(p) = p**2 - 6*p - 6. Give k(t).
-6
Let y(q) = -5*q + 1. Let r be (4/8)/(2/8). Suppose r*p - 1 = -3. Calculate y(p).
6
Let x = 9 - 4. Let i(r) = -5*r + r**2 - 31 + 21 + 12. Determine i(x).
2
Let j(a) = -2*a**3 + a**2 + 2*a - 1. Suppose -22*z + 26*z = 8. Calculate j(z).
-9
Suppose 0 = -3*t + 5 + 1. Let f(p) = 5*p - 18. Let w be f(4). Let g(h) = h - 4 + 0 + t - w*h. Determine g(0).
-2
Let k = 87 + -81. Let r(z) = z**3 - 5*z**2 - 2*z + 6. Determine r(k).
30
Suppose 19 = -5*t - 2*v, 0*t = -4*t - 4*v - 8. Let w(s) be the second derivative of s**3/6 - s**2/2 - s. What is w(t)?
-6
Let d(w) be the second derivative of w**4/12 - 5*w**3/6 - 5*w. Determine d(4).
-4
Let v(j) be the third derivative of -j**6/120 + j**5/10 + j**4/24 + j**3/3 - 35*j**2. Calculate v(6).
8
Let h(v) be the third derivative of v**5/30 - v**2. Suppose -3*r = -0*r - 6. Suppose -r*g = -6 + 4. What is h(g)?
2
Let y = 0 - -4. Let f(x) = 2 - 2 + 2*x - 3*x - 1. Determine f(y).
-5
Let y(p) = -3*p - 8. Suppose -4*r + 5*r = -3*b + 75, 3*b = 3*r - 189. Let u be 6/10 + r/(-10). Calculate y(u).
10
Let y be 4/(-24) + 14/12. Let k(a) = 9*a**3 + 2*a**2 - 2*a + 1. Give k(y).
10
Let o = 14 - 8. Let k(b) = 0 - 1 + b**2 + 4 - 8*b + o*b. Give k(2).
3
Let i(k) = 3 + k**2 + k + 0*k**2 - 4. Suppose c - 1 = 0, 5*a - 3*a = -3*c + 9. What is i(a)?
11
Suppose -5*y = 5*n + 15, 0 = -2*n - y - 5 + 4. Let q = n - 4. Let m(r) = 3*r - 2. Let x(b) = b. Let k(o) = m(o) - 4*x(o). Give k(q).
0
Let j(p) = -7*p**2 - p + 6. Let o(t) = 3*t**2 + t - 3. Let l(q) = -2*j(q) - 5*o(q). Suppose -3*x = -2*s + 21, 5*x - 3*s - 2*s + 40 = 0. Calculate l(x).
-7
Let i(j) = j**3 + 13*j**2 - 17*j - 46. Let r be i(-14). Let a(t) be the third derivative of -t**4/12 - t**3/2 - t**2. What is a(r)?
5
Let a(s) = -s - 6. Let m be (3 - -1) + 3/(-3). Let x be -3*(-2 + m) + -1. Calculate a(x).
-2
Let a(h) = 6*h**3 + h**2 + h - 1. Suppose -2*v = -6*v - 8. Let x be 1 + (-1 + 0 - v). Let u be (1/x)/(1/2). What is a(u)?
7
Let y(b) = 2*b**2 + 6*b + 6. Let q(m) = 3*m**2 + 11*m + 11. Let f(s) = -3*q(s) + 5*y(s). Suppose 0 = -7*g + 5*g - 4. What is f(g)?
7
Let m(k) be the second derivative of -k**4/12 - k**3/2 - k**2 + 14*k. Give m(-5).
-12
Suppose -4*b = 2 - 10. Let n(v) = -1 + 3 - 9*v**b - 1. Determine n(1).
-8
Let s(b) be the first derivative of -12*b - 9*b + 22*b - b**2 - 6. Suppose 4 = -m - 1. Give s(m).
11
Let p(g) = g**3 - 5*g**2 + g + 4. Let y be p(4). Let r(q) = q**3 + 7*q**2 - 6*q + 6. Let c be r(y). Let l = -7 - c. Let d(j) = -j**3 + 2*j**2 + 4*j. Give d(l).
3
Suppose 2*u = 5*u + 3. Let o(d) = 7*d**2 + 2*d + 1. Calculate o(u).
6
Let d(c) = -3*c - 2. Let r(s) = s**3 + 6*s**2 + 4*s - 8. Let i be r(-5). Give d(i).
7
Let x(j) = 4*j**2 + j - 11. Let g(h) = 5*h**2 - 12. Let z(c) = 3*g(c) - 4*x(c). Determine z(-6).
-4
Suppose -4*p - j + 13 = 0, j + 4*j - 8 = -p. Let s(a) = -a**3 + 3*a**2 + a + 3. What is s(p)?
6
Let c(r) be the first derivative of -r**3/3 + 3*r**2 + 3*r + 28. What is c(6)?
3
Let m(b) be the third derivative of 1/24*b**4 + 0*b**5 + 0*b + 3*b**2 + 0 - 1/120*b**6 - 7/6*b**3. Suppose 2*n = -5*p + 25, 0*p + 15 = 2*n + 3*p. What is m(n)?
-7
Let l(u) = u**3 - 7*u**2 + 3*u + 2. Let a(x) = 2*x**2 - 3*x - 3. Let n be a(3). Give l(n).
-16
Suppose 4*f - 3*t + 2 - 3 = 0, -3*f = 4*t - 7. Let l(w) = 2*w**3 - 2*w + w**3 - 7*w**3 - f + 2. Let m = 1 - 0. Determine l(m).
-5
Let c be 15*(32/(-20))/(-4). Let k(u) = -u + 5. Calculate k(c).
-1
Let y(m) be the second derivative of 3*m**5/20 + m**4/6 - m**2/2 + 2*m. Let i be y(-1). Let r(j) = -2*j - 15 - 3*j**2 - j + 14. What is r(i)?
-7
Suppose 6*b - 5*b = 0. Suppose b*c = -c. Let y(p) = 4*p**2 + 9. Let h(j) = 7*j**2 + 17. Let i(w) = -3*h(w) + 5*y(w). Calculate i(c).
-6
Let d(l) be the third derivative of -l**7/840 + l**6/72 - l**5/120 - l**4/24 + l**3/2 + 8*l**2. Let o(m) be the first derivative of d(m). Determine o(5).
-6
Let o(z) be the second derivative of z**3/6 - z**2 + 16*z. What is o(0)?
-2
Suppose 13 = 4*w - 11. Suppose 5*v + 21 = 81. Let n(u) = -v + 2*u + w - 3*u. Calculate n(-5).
-1
Let s = -84 + 81. Let w(m) = -m**2 - 2*m + 2. Calculate w(s).
-1
Let u(s) = -s - 1. Let b(l) be the third derivative of l**6/120 + l**5/30 + l**4/24 + 2*l**3/3 - 5*l**2. Let k(w) = b(w) + u(w). Give k(-3).
-6
Suppose -2*g = 10, -29 = 2*l + 5*g 